 -7 - -48 - (8 - (17 + 1)) - -12?
54
What is 25 - (-83 - -76 - 32)?
64
-63 + (1 + 16 - 9)
-55
Evaluate 4 + -24 + -9 + -16 + -25.
-70
What is (-21 - (-28 - -22 - -32)) + 17?
-30
What is the value of -58 - (5 + 1 - (26 + -13 + -5))?
-56
What is the value of (-3 - -2) + (46 - -2 - ((-4 - -24) + -18))?
45
What is the value of 10 + -1 + 7 - (16 + (-152 - 2 - -16))?
138
Evaluate 233 + -289 - (1 - 55).
-2
Calculate (853 - 944) + (-1 - (-1 - -12)).
-103
What is the value of 21 + -6 + (17 - (35 + -7)) - 18?
-14
Evaluate (-30 - 14) + 464 + -509.
-89
Calculate (-74 + 0 - 5) + 39 + 149.
109
59 - (-4 - (-121 - 60))
-118
What is the value of (-6 - (25 + -25) - 47) + 15?
-38
What is the value of -12 + -33 + 7 + -31?
-69
What is the value of 7 - (22 + 22 + (-28 - 15) + -31)?
37
What is the value of 58 + -10 - 77 - -35?
6
(-52 - 3) + (-114 - -137) + (-21 - -6)
-47
What is (-2 - (-1 - 0)) + (-26 - 1) + 1520 + -1429?
63
What is the value of 26 + 12 + 44 + -41?
41
Evaluate 1 - (10 + (-1 - -2 - (92 - 91))).
-9
What is -33 + (6 - -26) - (17 - 1)?
-17
Evaluate -71 - (-100 - (16 - 28)).
17
What is the value of (19 - 0) + (32 + 0 - 42)?
9
Calculate -10 + -14 - (-6 + 5 + 33).
-56
Evaluate (21 - 2) + (-5 - -42) + -49 + 31.
38
3 + (-2 + -2 - 7 - (55 + 8 + -41))
-30
What is the value of -27 + 0 + -138 + 188 + -84?
-61
Calculate -19 - -13 - (-485 + 521).
-42
Calculate 8 - 11 - -7 - (79 - 90).
15
Evaluate 1 - 12 - (30 - 45) - ((8 - 14) + 45).
-35
What is -27 + (110 - 8) + 24?
99
26 + -32 + 59 - -9
62
What is 28 - (386 + -260 + -31 + 0)?
-67
29 - (6 - -47) - -57
33
Evaluate 3 + (-13 - ((1 - -11) + (-175 - -171))).
-18
What is (2 - 5 - -1 - 0) + 17 - 11?
4
Calculate (13 - (-13 - -58)) + (27 - 51).
-56
Evaluate 5 - ((-13 - (-5 - 10)) + -11).
14
What is the value of -139 + (97 + -58 - -2) - (-1 + 0)?
-97
What is the value of 38 + (-157 - -177) - (4 - ((-2 - -4) + -2))?
54
What is -59 + (-3 + 0 - (-120 - -115) - -1)?
-56
Calculate (1 - -8) + 0 + 41 + (-52 - (-29 - -33)).
-6
What is 24 + (-22 - 19) - -11 - 46?
-52
Calculate (-47 - -23) + -40 - -51.
-13
Calculate (58 - (50 + -36)) + 13.
57
Evaluate 97 + 1 - (170 + -46 + -92).
66
What is 1 + (-9 - 0 - ((0 - 7) + 1 + 73))?
-75
Evaluate -2 + 9 + (-49 - ((-100 - -82) + 0 + 13)).
-37
Calculate 107 + (196 - 139) + -14.
150
What is (35 - 7) + (-3 - (-3 - (-3 + 2)))?
27
-16 + (27 - 54 - -51) - (-1 - -9)
0
What is -3 - 81 - (6 + (16 + 0 - (416 + -404)))?
-94
Evaluate (-67 - -105) + -60 + 39.
17
(-128 - 7) + -1009 + 1063
-81
Evaluate (-18 - (-37 + -9)) + (65 - 29).
64
71 - 14 - ((10 - (0 + 0)) + -10 - 10)
67
Calculate (-4 - (-5 + -2 + 9)) + (64 - -6) + 13.
77
What is (4 - 0) + 3 + -1 + 4 + (9 - 15)?
4
Calculate -88 + 11 + (39 - 10).
-48
What is -1 - -4 - -48 - (-33 + 23 + 1 + 12)?
48
What is (1 - -42 - (312 - 308)) + -16?
23
Evaluate -33 + 51 - (-2 - -11) - (-5 - (2 + 2)).
18
What is the value of (-15 - -35 - 7) + 23 + 1 + -1 + 1?
37
Calculate 22 - (-12 + 1 + -747 + 711).
69
Calculate -77 + 100 - (-2 - -2 - -2).
21
What is 53 + (21 - 86) + (6 + (6 - 11) - 1)?
-12
What is the value of (2 - 8) + 5 + 19 + -34?
-16
What is the value of 11 + (-11 + 16 - 4) - (-20 + 11)?
21
Evaluate 168 - 21 - (178 - 125).
94
Evaluate -1 + -20 + 9 + 1 + 22 + -37.
-26
(-30 + 29 - 19) + 59
39
Calculate (-35 + 39 - 26 - 31) + (2 - -2).
-49
Evaluate 8 + 10 + 2 + -6 + 28 + 13.
55
Evaluate -8 - 0 - (26 - (4 + -7) - (16 - -10)).
-11
-69 - -107 - (-7 - -14)
31
5 - (-4 - 18) - (-60 + 52) - (1 + -3)
37
-2 + 0 + (15 + -3 - (-86 + 131))
-35
What is the value of 20 + (-42 - (-2 + -3 + -26 + 50))?
-41
What is the value of -6 - -1 - 8 - (-37 - 4) - (-12 + 12)?
28
What is -34 + 0 + 180 + 1037 + -1054?
129
-27 + -20 + -17 + 22 + 24
-18
Calculate (-49 + 13 - -73) + -13.
24
Calculate 1 + 0 + 116 - (44191 + -44149).
75
Evaluate -50 + 12 + 38 + 20.
20
What is 68 + (-153 - -106) - (27 + -1)?
-5
Evaluate 4 + (213 - 270 - ((-1 - (-1 + 0)) + 6)).
-59
(-18 + -10 + 17 - (-2 + 4 - 13)) + 23
23
Evaluate 159 + -258 + (-3 - -6 - -4 - 27).
-119
97 + -3 + (10 - 5)
99
What is the value of (26 - 30) + 55 + 1 - (-27 + 20 + 5)?
54
-5 - ((116 - (33 + -9)) + 16)
-113
What is the value of -23 + 6 + -118 + 47?
-88
Calculate -12 - (7 + (11 - (33 - 4))).
-1
What is the value of (-27 - -155 - 120) + (-78 - (-2 - -3))?
-71
What is 80 + (3 - (3 - 1)) - (-33 + 157 - 137)?
94
26 - (37 - (50 - (34 + -12)))
17
What is the value of (50 + -97 - -59) + (-3 - -2)?
11
What is 5 + (0 + 12 - (-4 + 10)) - (382 - 473)?
102
Evaluate (47 - 64 - 25) + -1 + -18.
-61
Evaluate -12 + -1 + 300 + -21 + -274.
-8
What is (5 - 4 - 8) + 2 + (-67 - -105)?
33
Evaluate 15 - -112 - (314 + -253).
66
What is the value of -64 - ((-11 - 0 - 1) + (396 + -572 - -193))?
-69
What is the value of 34 - (63 - (6 - (28 + -28)))?
-23
What is 0 - -1 - (7 - (-11 + 12 + 1)) - 97?
-101
Evaluate (11 - (34 + -62)) + -117.
-78
Calculate (46 + -21 - 77) + 31.
-21
Calculate 4 + 120 - (5 + -2) - (180 + -364 - -174).
131
Evaluate (19 - (11 - (6 - 0))) + (-21 - (12 + 23)).
-42
Evaluate 65 - ((56 - 38) + 2 + -4 + -9 - 4).
62
Evaluate 45 - (9 - 25 - (-1 + -7 + -7)).
46
What is the value of 47 - 1 - (-214 + 402 + -200)?
58
Calculate 7 + 2 - ((4 + (-21 - -17) - 1) + 109).
-99
Calculate (-85 + 27 + 55 - (0 + 36)) + 5.
-34
What is 32 - ((40 - (-39 - -175)) + 42)?
86
What is 4 + (59 + -19 - (4 + (6 - -7)))?
27
Calculate -45 - -18 - 5 - (72 + -186).
82
What is (58 - (45 + 160)) + 82?
-65
Calculate -44 - (25 - (52 + -18 + -1)).
-36
Evaluate 9 + 1 - 22 - (-120 - -57).
51
-6 - (-2 - (30 - 6) - -91)
-71
47 + -49 + 23 + 13
34
Evaluate 11 + -49 + 0 + (3 - 5) + -2.
-42
Evaluate (-62 - (-91 + 37)) + (0 - -1) + 60.
53
-118 + 10 + -20 + (-43 - -44)
-127
What is the value of (1 - -19 - -29) + -11?
38
What is (1 + -40 - (62 - 60)) + (19 - 12 - 21)?
-55
Calculate 122 + (133 - 26) + -209.
20
What is -5 + 4 + -55 + -173 + 162 + (-1 - 12)?
-80
0 + 2 - -50 - (-17 + (-21 - -26) - -19)
45
What is -32 - (-2 + -6 + 10) - (11 + -15)?
-30
Calculate 0 - 32 - (-32 - -2 - (161 - 180)).
-21
What is the value of (23 - -23) + 12 + -13 + 7?
52
Calculate (71 - (84 - 46)) + (-13 - 0).
20
1079 + -1121 - (-2 - 16) - 28
-52
Calculate -8 + 56 + (6 - 17).
37
300 + -324 + -2 + -6 + 15 + -6 + -14
-37
What is 4 + (-13 - 3) - (-29 + 10 + 3 + 12)?
-8
Calculate 2 + -16 + (497 - 491) + (0 - 38).
-46
What is 212 + -300 - (-8 + 7 + 36)?
-123
-16 - ((-9 - (-19 + -1 + -7 + 10)) + 1)
-25
-17 - ((-65 - (10 + 10)) + 6) - 17
45
Evaluate -79 + 49 - (14 + (-14 - -4)).
-34
-274 - (93 + -147 + -67)
-153
What is -3 + 4 + 2 + (-13 - -12) - (-5 + -24)?
31
Calculate -9609 - -9677 - (2 + (0 - -20)).
46
Calculate 1 - 3 - (-73 - 8) - ((-9 - -2) + 16).
70
Evaluate -33 - 116 - -35 - (1 + -7 + 0 + -7).
-101
What is -32 + (-1 - -53) + -33 - -68?
55
What is (-1 + 49 - (-1 - -5)) + -105?
-61
-12 - (-16 + 14 + -20)
10
Evaluate -65 - (-62 + 4 + 47).
-54
What is (-271 - -237) + 10 + 6 + 0 + 15?
-3
Calculate ((15 - 41) + 16 - -21) + (-1 - -1).
11
Evaluate (50 + -26 - -55) + (4 - -1 - 0) + 2.
86
What is the value of -108 + 5 + 51 + (2 - (0 + 4 + -2))?
-52
Evaluate 53 - 7 - (-4 + 8 + 5 - 3 - 11).
51
What is the value of (21 - (12 + 13)) + 19 + 7?
22
Evaluate -21 + (192 - 180) + (55 - -3).
49
Calculate 0 + -3 + 2 + -13 + (53 - 34).
5
What is the value of -1 + 101 + -164 - -98?
34
What is the value of (8 - 11 - -8) + -3 + 47 + -2 + -9?
38
Calculate 203 + -197 + 35 + -2 - -2.
41
What is the value of -1 + -9 + -1 - (-109 - -107)?
-9
Calculate (-29 - (-49 - (60 - 61))) + (58 - 0).
77
Evaluate 12 + -64 + 2 + 14 + (4 - -6).
-26
-3 - (-8 + -8) - (-21 - 1 - -62)
-27
Evaluate (5 - 30) + (38 - (-19 + 39)) + 0 + -101.
-108
Evaluate -380 + 400 + -2 + (4 - 2).
20
What is 48 - (19 - 0 - (79 + -75))?
33
Evaluate -23 - ((17 - -3) + (46 - 19)).
-70
What is (0 - -9) + -23 + -4 + 16 - 25?
-27
What is ((12 - 6) + -2 - -2) + (-70 - -96)?
32
Evaluate (11 - (-40 + -5)) + (18 - -3).
77
Calculate (20 - (10 - (11 + 0))) + -67 + -12.
-58
Evaluate -3 - 87 - (-31 - -26) - (15 - 11).
-89
What is the value of -4 + 180 + -3 - (8517 + -8475)?
131
Calculate 14 + (31 - (4 - -46)).
-5
What is -31 + 13 + 11 + -50?
-57
2 - (-5 + (4 - (1 + -4)) + (-4 - 7))
11
What is the value of (-50 - 0) + (3838 - 3743)?
45
What is the value of (13 - (-1 + -7)) + (5 - -6 - 3)?
29
What is the 